{"id":43715,"date":"2026-08-20T12:11:31","date_gmt":"2026-08-20T12:11:31","guid":{"rendered":"https:\/\/imobiliariaduma-mz.com\/?post_type=rtcl_listing&#038;p=43715"},"modified":"2026-08-26T09:36:13","modified_gmt":"2026-08-26T09:36:13","slug":"apartamento-t2-no-a-flora-2","status":"publish","type":"rtcl_listing","link":"https:\/\/imobiliariaduma-mz.com\/en\/property\/apartamento-t2-no-a-flora-2\/","title":{"rendered":"Apartamento T2 no a Flora"},"content":{"rendered":"<p>Apartamento T2 no a Flora<\/p>\n<p>Vender : Apartamento T2 no condom\u00ednio Flora Residence, Rua Kamba Simango, na Polana<\/p>\n<p>Caracter\u00edsticas do Im\u00f3vel:<\/p>\n<p>&#8211; Complete novo (pronto a habitar);<\/p>\n<p>&#8211; 2 Quartos<\/p>\n<p>&#8211; 2 WC no total.<\/p>\n<p>&#8211; 1 su\u00edte;<\/p>\n<p>&#8211; Sala de estar e jantar espa\u00e7osas;<\/p>\n<p>&#8211; Cozinha em conceito open space (totalmente equipada);<\/p>\n<p>&#8211; 1 Casa de banho geral;<\/p>\n<p>&#8211; 1 Lugar de estacionamento privativo.<\/p>\n<p>&#8211; 130 M2<\/p>\n<p>T2 a 230.000 USD<\/p>\n<p>&nbsp;<\/p>\n<p>2-Bedroom Apartment at Flora Residence<\/p>\n<p>For Sale: 2-bedroom apartment at the Flora Residence complex, Rua Kamba Simango, Polana<\/p>\n<p>Property Features:<\/p>\n<p>&#8211; Brand new (move-in ready);<\/p>\n<p>&#8211; 2 bedrooms;<\/p>\n<p>&#8211; 2 bathrooms in total;<\/p>\n<p>&#8211; 1 en-suite bedroom;<\/p>\n<p>&#8211; Spacious living and dining areas;<\/p>\n<p>&#8211; Open-plan kitchen (fully equipped);<\/p>\n<p>&#8211; 1 general bathroom;<\/p>\n<p>&#8211; 1 private parking space;<\/p>\n<p>&#8211; 130 m\u00b2;<\/p>\n<p>&#8211; Price: $230,000 USD.<\/p>\n<p>&nbsp;<\/p>\n<p>Entre no Website e encontre mais im\u00f3veis<\/p>\n<p>Telefone: +258 84 378 7975 Chamadas\/Whatsapp<\/p>\n<p>Telefone: +258 82\u00a0942 0129 Chamadas\/Whatsapp<\/p>\n<p>Website: <a href=\"https:\/\/imobiliariaduma-mz.com\/en\/\">https:\/\/imobiliariaduma-mz.com\/<\/a><\/p>\n<p>E-Mail: geral@imobiliariaduma-mz.com<\/p>\n<p>&nbsp;<\/p>","protected":false},"author":12,"template":"","class_list":["post-43715","rtcl_listing","type-rtcl_listing","status-publish","hentry","rtcl_category-apartamentos","rtcl_location-maputo","rtcl_location-polana","listing-item","rtcl-listing-item"],"yoast_head":"<!-- This site is optimized with the Yoast SEO Premium plugin v26.6 (Yoast SEO v26.6) - https:\/\/yoast.com\/wordpress\/plugins\/seo\/ -->\n<title>Apartamento T2 no a Flora - Apartamentos a venda<\/title>\n<meta name=\"robots\" content=\"index, follow, max-snippet:-1, max-image-preview:large, max-video-preview:-1\" \/>\n<link rel=\"canonical\" href=\"https:\/\/imobiliariaduma-mz.com\/en\/property\/apartamento-t2-no-a-flora-2\/\" \/>\n<meta property=\"og:locale\" content=\"en_GB\" \/>\n<meta property=\"og:type\" content=\"article\" \/>\n<meta property=\"og:title\" content=\"Apartamento T2 no a Flora\" \/>\n<meta property=\"og:description\" content=\"Apartamento T2 no a Flora Vender : Apartamento T2 no condom\u00ednio Flora Residence, Rua Kamba Simango, na Polana Caracter\u00edsticas do Im\u00f3vel: &#8211; Complete novo (pronto a habitar); &#8211; 2 Quartos &#8211; 2 WC no total. &#8211; 1 su\u00edte; &#8211; Sala de estar e jantar espa\u00e7osas; &#8211; Cozinha em conceito open space (totalmente equipada); &#8211; 1 ...\" \/>\n<meta property=\"og:url\" content=\"https:\/\/imobiliariaduma-mz.com\/en\/property\/apartamento-t2-no-a-flora-2\/\" \/>\n<meta property=\"og:site_name\" content=\"Apartamentos a venda\" \/>\n<meta property=\"article:publisher\" content=\"https:\/\/www.facebook.com\/Duma-Imobiliria-808728966144732\" \/>\n<meta property=\"article:modified_time\" content=\"2026-08-26T09:36:13+00:00\" \/>\n<meta name=\"twitter:card\" content=\"summary_large_image\" \/>\n<meta name=\"twitter:label1\" content=\"Estimated reading time\" \/>\n\t<meta name=\"twitter:data1\" content=\"1 minute\" \/>\n<script type=\"application\/ld+json\" class=\"yoast-schema-graph\">{\"@context\":\"https:\/\/schema.org\",\"@graph\":[{\"@type\":\"WebPage\",\"@id\":\"https:\/\/imobiliariaduma-mz.com\/property\/apartamento-t2-no-a-flora-2\/\",\"url\":\"https:\/\/imobiliariaduma-mz.com\/property\/apartamento-t2-no-a-flora-2\/\",\"name\":\"Apartamento T2 no a Flora - Apartamentos a venda\",\"isPartOf\":{\"@id\":\"https:\/\/imobiliariaduma-mz.com\/#website\"},\"datePublished\":\"2026-08-20T12:11:31+00:00\",\"dateModified\":\"2026-08-26T09:36:13+00:00\",\"breadcrumb\":{\"@id\":\"https:\/\/imobiliariaduma-mz.com\/property\/apartamento-t2-no-a-flora-2\/#breadcrumb\"},\"inLanguage\":\"en-GB\",\"potentialAction\":[{\"@type\":\"ReadAction\",\"target\":[\"https:\/\/imobiliariaduma-mz.com\/property\/apartamento-t2-no-a-flora-2\/\"]}]},{\"@type\":\"BreadcrumbList\",\"@id\":\"https:\/\/imobiliariaduma-mz.com\/property\/apartamento-t2-no-a-flora-2\/#breadcrumb\",\"itemListElement\":[{\"@type\":\"ListItem\",\"position\":1,\"name\":\"In\u00edcio\",\"item\":\"https:\/\/imobiliariaduma-mz.com\/\"},{\"@type\":\"ListItem\",\"position\":2,\"name\":\"Classified Listings\",\"item\":\"https:\/\/imobiliariaduma-mz.com\/all-properties\/\"},{\"@type\":\"ListItem\",\"position\":3,\"name\":\"Apartamento T2 no a Flora\"}]},{\"@type\":\"WebSite\",\"@id\":\"https:\/\/imobiliariaduma-mz.com\/#website\",\"url\":\"https:\/\/imobiliariaduma-mz.com\/\",\"name\":\"Apartamentos a venda\",\"description\":\"Duma Imobiliaria\",\"publisher\":{\"@id\":\"https:\/\/imobiliariaduma-mz.com\/#organization\"},\"potentialAction\":[{\"@type\":\"SearchAction\",\"target\":{\"@type\":\"EntryPoint\",\"urlTemplate\":\"https:\/\/imobiliariaduma-mz.com\/?s={search_term_string}\"},\"query-input\":{\"@type\":\"PropertyValueSpecification\",\"valueRequired\":true,\"valueName\":\"search_term_string\"}}],\"inLanguage\":\"en-GB\"},{\"@type\":\"Organization\",\"@id\":\"https:\/\/imobiliariaduma-mz.com\/#organization\",\"name\":\"apartamentos \u00e0 venda\",\"url\":\"https:\/\/imobiliariaduma-mz.com\/\",\"logo\":{\"@type\":\"ImageObject\",\"inLanguage\":\"en-GB\",\"@id\":\"https:\/\/imobiliariaduma-mz.com\/#\/schema\/logo\/image\/\",\"url\":\"https:\/\/imobiliariaduma-mz.com\/wp-content\/uploads\/2022\/03\/cropped-WhatsApp-Image-2022-03-28-at-21.52.191.jpeg\",\"contentUrl\":\"https:\/\/imobiliariaduma-mz.com\/wp-content\/uploads\/2022\/03\/cropped-WhatsApp-Image-2022-03-28-at-21.52.191.jpeg\",\"width\":825,\"height\":362,\"caption\":\"apartamentos \u00e0 venda\"},\"image\":{\"@id\":\"https:\/\/imobiliariaduma-mz.com\/#\/schema\/logo\/image\/\"},\"sameAs\":[\"https:\/\/www.facebook.com\/Duma-Imobiliria-808728966144732\"]}]}<\/script>\n<!-- \/ Yoast SEO Premium plugin. -->","yoast_head_json":{"title":"Apartamento T2 no a Flora - Apartamentos a venda","robots":{"index":"index","follow":"follow","max-snippet":"max-snippet:-1","max-image-preview":"max-image-preview:large","max-video-preview":"max-video-preview:-1"},"canonical":"https:\/\/imobiliariaduma-mz.com\/en\/property\/apartamento-t2-no-a-flora-2\/","og_locale":"en_GB","og_type":"article","og_title":"Apartamento T2 no a Flora","og_description":"Apartamento T2 no a Flora Vender : Apartamento T2 no condom\u00ednio Flora Residence, Rua Kamba Simango, na Polana Caracter\u00edsticas do Im\u00f3vel: &#8211; Complete novo (pronto a habitar); &#8211; 2 Quartos &#8211; 2 WC no total. &#8211; 1 su\u00edte; &#8211; Sala de estar e jantar espa\u00e7osas; &#8211; Cozinha em conceito open space (totalmente equipada); &#8211; 1 ...","og_url":"https:\/\/imobiliariaduma-mz.com\/en\/property\/apartamento-t2-no-a-flora-2\/","og_site_name":"Apartamentos a venda","article_publisher":"https:\/\/www.facebook.com\/Duma-Imobiliria-808728966144732","article_modified_time":"2026-08-26T09:36:13+00:00","twitter_card":"summary_large_image","twitter_misc":{"Estimated reading time":"1 minute"},"schema":{"@context":"https:\/\/schema.org","@graph":[{"@type":"WebPage","@id":"https:\/\/imobiliariaduma-mz.com\/property\/apartamento-t2-no-a-flora-2\/","url":"https:\/\/imobiliariaduma-mz.com\/property\/apartamento-t2-no-a-flora-2\/","name":"Apartamento T2 no a Flora - Apartamentos a venda","isPartOf":{"@id":"https:\/\/imobiliariaduma-mz.com\/#website"},"datePublished":"2026-08-20T12:11:31+00:00","dateModified":"2026-08-26T09:36:13+00:00","breadcrumb":{"@id":"https:\/\/imobiliariaduma-mz.com\/property\/apartamento-t2-no-a-flora-2\/#breadcrumb"},"inLanguage":"en-GB","potentialAction":[{"@type":"ReadAction","target":["https:\/\/imobiliariaduma-mz.com\/property\/apartamento-t2-no-a-flora-2\/"]}]},{"@type":"BreadcrumbList","@id":"https:\/\/imobiliariaduma-mz.com\/property\/apartamento-t2-no-a-flora-2\/#breadcrumb","itemListElement":[{"@type":"ListItem","position":1,"name":"In\u00edcio","item":"https:\/\/imobiliariaduma-mz.com\/"},{"@type":"ListItem","position":2,"name":"Classified Listings","item":"https:\/\/imobiliariaduma-mz.com\/all-properties\/"},{"@type":"ListItem","position":3,"name":"Apartamento T2 no a Flora"}]},{"@type":"WebSite","@id":"https:\/\/imobiliariaduma-mz.com\/#website","url":"https:\/\/imobiliariaduma-mz.com\/","name":"Apartamentos a venda","description":"Duma Imobiliaria","publisher":{"@id":"https:\/\/imobiliariaduma-mz.com\/#organization"},"potentialAction":[{"@type":"SearchAction","target":{"@type":"EntryPoint","urlTemplate":"https:\/\/imobiliariaduma-mz.com\/?s={search_term_string}"},"query-input":{"@type":"PropertyValueSpecification","valueRequired":true,"valueName":"search_term_string"}}],"inLanguage":"en-GB"},{"@type":"Organization","@id":"https:\/\/imobiliariaduma-mz.com\/#organization","name":"apartamentos \u00e0 venda","url":"https:\/\/imobiliariaduma-mz.com\/","logo":{"@type":"ImageObject","inLanguage":"en-GB","@id":"https:\/\/imobiliariaduma-mz.com\/#\/schema\/logo\/image\/","url":"https:\/\/imobiliariaduma-mz.com\/wp-content\/uploads\/2022\/03\/cropped-WhatsApp-Image-2022-03-28-at-21.52.191.jpeg","contentUrl":"https:\/\/imobiliariaduma-mz.com\/wp-content\/uploads\/2022\/03\/cropped-WhatsApp-Image-2022-03-28-at-21.52.191.jpeg","width":825,"height":362,"caption":"apartamentos \u00e0 venda"},"image":{"@id":"https:\/\/imobiliariaduma-mz.com\/#\/schema\/logo\/image\/"},"sameAs":["https:\/\/www.facebook.com\/Duma-Imobiliria-808728966144732"]}]}},"_links":{"self":[{"href":"https:\/\/imobiliariaduma-mz.com\/en\/wp-json\/wp\/v2\/rtcl_listing\/43715","targetHints":{"allow":["GET"]}}],"collection":[{"href":"https:\/\/imobiliariaduma-mz.com\/en\/wp-json\/wp\/v2\/rtcl_listing"}],"about":[{"href":"https:\/\/imobiliariaduma-mz.com\/en\/wp-json\/wp\/v2\/types\/rtcl_listing"}],"author":[{"embeddable":true,"href":"https:\/\/imobiliariaduma-mz.com\/en\/wp-json\/wp\/v2\/users\/12"}],"wp:attachment":[{"href":"https:\/\/imobiliariaduma-mz.com\/en\/wp-json\/wp\/v2\/media?parent=43715"}],"curies":[{"name":"wp","href":"https:\/\/api.w.org\/{rel}","templated":true}]}}

<p>Apartamento T2 no a Flora</p>
<p>Vender : Apartamento T2 no condomínio Flora Residence, Rua Kamba Simango, na Polana</p>
<p>Características do Imóvel:</p>
<p>&#8211; Complete novo (pronto a habitar);</p>
<p>&#8211; 2 Quartos</p>
<p>&#8211; 2 WC no total.</p>
<p>&#8211; 1 suíte;</p>
<p>&#8211; Sala de estar e jantar espaçosas;</p>
<p>&#8211; Cozinha em conceito open space (totalmente equipada);</p>
<p>&#8211; 1 Casa de banho geral;</p>
<p>&#8211; 1 Lugar de estacionamento privativo.</p>
<p>&#8211; 130 M2</p>
<p>T2 a 230.000 USD</p>
<p>&nbsp;</p>
<p>2-Bedroom Apartment at Flora Residence</p>
<p>For Sale: 2-bedroom apartment at the Flora Residence complex, Rua Kamba Simango, Polana</p>
<p>Property Features:</p>
<p>&#8211; Brand new (move-in ready);</p>
<p>&#8211; 2 bedrooms;</p>
<p>&#8211; 2 bathrooms in total;</p>
<p>&#8211; 1 en-suite bedroom;</p>
<p>&#8211; Spacious living and dining areas;</p>
<p>&#8211; Open-plan kitchen (fully equipped);</p>
<p>&#8211; 1 general bathroom;</p>
<p>&#8211; 1 private parking space;</p>
<p>&#8211; 130 m²;</p>
<p>&#8211; Price: $230,000 USD.</p>
<p>&nbsp;</p>
<p>Entre no Website e encontre mais imóveis</p>
<p>Telefone: +258 84 378 7975 Chamadas/Whatsapp</p>
<p>Telefone: +258 82 942 0129 Chamadas/Whatsapp</p>
<p>Website: <a href="https://imobiliariaduma-mz.com/en/">https://imobiliariaduma-mz.com/</a></p>
<p>E-Mail: geral@imobiliariaduma-mz.com</p>
<p>&nbsp;</p>

<!-- This site is optimized with the Yoast SEO Premium plugin v26.6 (Yoast SEO v26.6) - https://yoast.com/wordpress/plugins/seo/ -->
<title>Apartamento T2 no a Flora - Apartamentos a venda</title>
<meta name="robots" content="index, follow, max-snippet:-1, max-image-preview:large, max-video-preview:-1" />
<link rel="canonical" href="https://imobiliariaduma-mz.com/en/property/apartamento-t2-no-a-flora-2/" />
<meta property="og:locale" content="en_GB" />
<meta property="og:type" content="article" />
<meta property="og:title" content="Apartamento T2 no a Flora" />
<meta property="og:description" content="Apartamento T2 no a Flora Vender : Apartamento T2 no condomínio Flora Residence, Rua Kamba Simango, na Polana Características do Imóvel: &#8211; Complete novo (pronto a habitar); &#8211; 2 Quartos &#8211; 2 WC no total. &#8211; 1 suíte; &#8211; Sala de estar e jantar espaçosas; &#8211; Cozinha em conceito open space (totalmente equipada); &#8211; 1 ..." />
<meta property="og:url" content="https://imobiliariaduma-mz.com/en/property/apartamento-t2-no-a-flora-2/" />
<meta property="og:site_name" content="Apartamentos a venda" />
<meta property="article:publisher" content="https://www.facebook.com/Duma-Imobiliria-808728966144732" />
<meta property="article:modified_time" content="2026-08-26T09:36:13+00:00" />
<meta name="twitter:card" content="summary_large_image" />
<meta name="twitter:label1" content="Estimated reading time" />
	<meta name="twitter:data1" content="1 minute" />
<script type="application/ld+json" class="yoast-schema-graph">{"@context":"https://schema.org","@graph":[{"@type":"WebPage","@id":"https://imobiliariaduma-mz.com/property/apartamento-t2-no-a-flora-2/","url":"https://imobiliariaduma-mz.com/property/apartamento-t2-no-a-flora-2/","name":"Apartamento T2 no a Flora - Apartamentos a venda","isPartOf":{"@id":"https://imobiliariaduma-mz.com/#website"},"datePublished":"2026-08-20T12:11:31+00:00","dateModified":"2026-08-26T09:36:13+00:00","breadcrumb":{"@id":"https://imobiliariaduma-mz.com/property/apartamento-t2-no-a-flora-2/#breadcrumb"},"inLanguage":"en-GB","potentialAction":[{"@type":"ReadAction","target":["https://imobiliariaduma-mz.com/property/apartamento-t2-no-a-flora-2/"]}]},{"@type":"BreadcrumbList","@id":"https://imobiliariaduma-mz.com/property/apartamento-t2-no-a-flora-2/#breadcrumb","itemListElement":[{"@type":"ListItem","position":1,"name":"Início","item":"https://imobiliariaduma-mz.com/"},{"@type":"ListItem","position":2,"name":"Classified Listings","item":"https://imobiliariaduma-mz.com/all-properties/"},{"@type":"ListItem","position":3,"name":"Apartamento T2 no a Flora"}]},{"@type":"WebSite","@id":"https://imobiliariaduma-mz.com/#website","url":"https://imobiliariaduma-mz.com/","name":"Apartamentos a venda","description":"Duma Imobiliaria","publisher":{"@id":"https://imobiliariaduma-mz.com/#organization"},"potentialAction":[{"@type":"SearchAction","target":{"@type":"EntryPoint","urlTemplate":"https://imobiliariaduma-mz.com/?s={search_term_string}"},"query-input":{"@type":"PropertyValueSpecification","valueRequired":true,"valueName":"search_term_string"}}],"inLanguage":"en-GB"},{"@type":"Organization","@id":"https://imobiliariaduma-mz.com/#organization","name":"apartamentos à venda","url":"https://imobiliariaduma-mz.com/","logo":{"@type":"ImageObject","inLanguage":"en-GB","@id":"https://imobiliariaduma-mz.com/#/schema/logo/image/","url":"https://imobiliariaduma-mz.com/wp-content/uploads/2022/03/cropped-WhatsApp-Image-2022-03-28-at-21.52.191.jpeg","contentUrl":"https://imobiliariaduma-mz.com/wp-content/uploads/2022/03/cropped-WhatsApp-Image-2022-03-28-at-21.52.191.jpeg","width":825,"height":362,"caption":"apartamentos à venda"},"image":{"@id":"https://imobiliariaduma-mz.com/#/schema/logo/image/"},"sameAs":["https://www.facebook.com/Duma-Imobiliria-808728966144732"]}]}</script>
<!-- / Yoast SEO Premium plugin. -->

Apartamento T2 no a Flora Vender : Apartamento T2 no condomínio Flora Residence, Rua Kamba Simango, na Polana Características do Imóvel: &#8211; Complete novo (pronto a habitar); &#8211; 2 Quartos &#8211; 2 WC no total. &#8211; 1 suíte; &#8211; Sala de estar e jantar espaçosas; &#8211; Cozinha em conceito open space (totalmente equipada); &#8211; 1 ...

Início

apartamentos à venda
