{"id":43945,"date":"2026-08-26T13:08:54","date_gmt":"2026-08-26T13:08:54","guid":{"rendered":"https:\/\/imobiliariaduma-mz.com\/?post_type=rtcl_listing&#038;p=43945"},"modified":"2026-08-26T13:08:54","modified_gmt":"2026-08-26T13:08:54","slug":"apartamento-t2-no-maria-do-carmo-2","status":"publish","type":"rtcl_listing","link":"https:\/\/imobiliariaduma-mz.com\/en\/property\/apartamento-t2-no-maria-do-carmo-2\/","title":{"rendered":"Apartamento T2 no Maria do Carmo"},"content":{"rendered":"<p>Apartamento T2 no Maria do Carmo<\/p>\n<p>ARRENDA-SE | Apartamento T2 Mobilado \u2013 Condom\u00ednio Maria do Carmo<\/p>\n<p>Av. M\u00e1rtires da Machava, pr\u00f3ximo \u00e0 Brithol<\/p>\n<p>Andar Baixo<\/p>\n<p>Descri\u00e7\u00e3o do Im\u00f3vel:<\/p>\n<p>* Tipologia T2<\/p>\n<p>* Totalmente mobilado<\/p>\n<p>* 2 Quartos (1 Su\u00edte)<\/p>\n<p>* Sala confort\u00e1vel<\/p>\n<p>* Cozinha<\/p>\n<p>* Pronto a habitar<\/p>\n<p>* 130 M2<\/p>\n<p>Comodidades do Condom\u00ednio:<\/p>\n<p>* Piscina<\/p>\n<p>* Playground \/ Parque infantil<\/p>\n<p>* 3 Elevadores<\/p>\n<p>* Condom\u00ednio organizado<\/p>\n<p>* Ambiente seguro e familiar<\/p>\n<p>Estacionamento:<\/p>\n<p>* Garagem para 1 viatura<\/p>\n<p>Extras:<\/p>\n<p>* Condom\u00ednio moderno e bem localizado<\/p>\n<p>* Ideal para fam\u00edlias ou executivos<\/p>\n<p>* Zona central e de f\u00e1cil acesso<\/p>\n<p>* Pr\u00f3ximo a com\u00e9rcio, servi\u00e7os e principais vias da cidade<\/p>\n<ul>\n<li>Pre\u00e7o: 120.000 MZN\/m\u00eas (Taxa de condom\u00ednio inclu\u00edda)<\/li>\n<\/ul>\n<p>&nbsp;<\/p>\n<p>2-Bedroom Apartment at Maria do Carmo<\/p>\n<p>FOR RENT | Furnished 2-Bedroom Apartment \u2013 \u200b\u200bMaria do Carmo Condominium<\/p>\n<p>\ud83d\udccd Av. M\u00e1rtires da Machava, near Brithol<\/p>\n<p>\ud83c\udfe2 Lower floor<\/p>\n<p>\u2728 Property Description:<\/p>\n<p>* 2-Bedroom layout (T2)<\/p>\n<p>* Fully furnished<\/p>\n<p>* 2 Bedrooms (1 en-suite)<\/p>\n<p>* Comfortable living room<\/p>\n<p>* Kitchen<\/p>\n<p>* Move-in ready<\/p>\n<p>* 130 m\u00b2<\/p>\n<p>\ud83c\udfe2 Condominium Amenities:<\/p>\n<p>* Swimming pool<\/p>\n<p>* Playground<\/p>\n<p>* 3 Elevators<\/p>\n<p>* Well-managed condominium<\/p>\n<p>* Safe, family-friendly environment<\/p>\n<p>\ud83d\ude97 Parking:<\/p>\n<p>* Garage for 1 vehicle<\/p>\n<p>\ud83c\udfe2 Extras:<\/p>\n<p>* Modern, well-located condominium<\/p>\n<p>* Ideal for families or executives<\/p>\n<p>* Central location with easy access<\/p>\n<p>* Close to shops, services, and main city roads<\/p>\n<p>\ud83d\udcb0 Price: 120,000 MZN\/month (Condominium fee included)<\/p>\n<p>&nbsp;<\/p>\n<p>Entre no Website e encontre mais im\u00f3veis<\/p>\n<p>Telefone: +258 84 378 7975 Chamadas\/Whatsapp<\/p>\n<p>Telefone: +258 82\u00a0942 0129 Chamadas\/Whatsapp<\/p>\n<p>Website: <a href=\"https:\/\/imobiliariaduma-mz.com\/en\/\">https:\/\/imobiliariaduma-mz.com\/<\/a><\/p>\n<p>E-Mail: geral@imobiliariaduma-mz.com<\/p>\n<p>&nbsp;<\/p>\n<p>&nbsp;<\/p>","protected":false},"author":12,"template":"","class_list":["post-43945","rtcl_listing","type-rtcl_listing","status-publish","hentry","rtcl_category-apartamentos","rtcl_location-maputo","rtcl_location-polana","listing-item","rtcl-listing-item"],"yoast_head":"<!-- This site is optimized with the Yoast SEO Premium plugin v26.6 (Yoast SEO v26.6) - https:\/\/yoast.com\/wordpress\/plugins\/seo\/ -->\n<title>Apartamento T2 no Maria do Carmo - Apartamentos a venda<\/title>\n<meta name=\"robots\" content=\"index, follow, max-snippet:-1, max-image-preview:large, max-video-preview:-1\" \/>\n<link rel=\"canonical\" href=\"https:\/\/imobiliariaduma-mz.com\/en\/property\/apartamento-t2-no-maria-do-carmo-2\/\" \/>\n<meta property=\"og:locale\" content=\"en_GB\" \/>\n<meta property=\"og:type\" content=\"article\" \/>\n<meta property=\"og:title\" content=\"Apartamento T2 no Maria do Carmo\" \/>\n<meta property=\"og:description\" content=\"Apartamento T2 no Maria do Carmo ARRENDA-SE | Apartamento T2 Mobilado \u2013 Condom\u00ednio Maria do Carmo Av. M\u00e1rtires da Machava, pr\u00f3ximo \u00e0 Brithol Andar Baixo Descri\u00e7\u00e3o do Im\u00f3vel: * Tipologia T2 * Totalmente mobilado * 2 Quartos (1 Su\u00edte) * Sala confort\u00e1vel * Cozinha * Pronto a habitar * 130 M2 Comodidades do Condom\u00ednio: * ...\" \/>\n<meta property=\"og:url\" content=\"https:\/\/imobiliariaduma-mz.com\/en\/property\/apartamento-t2-no-maria-do-carmo-2\/\" \/>\n<meta property=\"og:site_name\" content=\"Apartamentos a venda\" \/>\n<meta property=\"article:publisher\" content=\"https:\/\/www.facebook.com\/Duma-Imobiliria-808728966144732\" \/>\n<meta name=\"twitter:card\" content=\"summary_large_image\" \/>\n<meta name=\"twitter:label1\" content=\"Estimated reading time\" \/>\n\t<meta name=\"twitter:data1\" content=\"2 minutes\" \/>\n<script type=\"application\/ld+json\" class=\"yoast-schema-graph\">{\"@context\":\"https:\/\/schema.org\",\"@graph\":[{\"@type\":\"WebPage\",\"@id\":\"https:\/\/imobiliariaduma-mz.com\/property\/apartamento-t2-no-maria-do-carmo-2\/\",\"url\":\"https:\/\/imobiliariaduma-mz.com\/property\/apartamento-t2-no-maria-do-carmo-2\/\",\"name\":\"Apartamento T2 no Maria do Carmo - Apartamentos a venda\",\"isPartOf\":{\"@id\":\"https:\/\/imobiliariaduma-mz.com\/#website\"},\"datePublished\":\"2026-08-26T13:08:54+00:00\",\"breadcrumb\":{\"@id\":\"https:\/\/imobiliariaduma-mz.com\/property\/apartamento-t2-no-maria-do-carmo-2\/#breadcrumb\"},\"inLanguage\":\"en-GB\",\"potentialAction\":[{\"@type\":\"ReadAction\",\"target\":[\"https:\/\/imobiliariaduma-mz.com\/property\/apartamento-t2-no-maria-do-carmo-2\/\"]}]},{\"@type\":\"BreadcrumbList\",\"@id\":\"https:\/\/imobiliariaduma-mz.com\/property\/apartamento-t2-no-maria-do-carmo-2\/#breadcrumb\",\"itemListElement\":[{\"@type\":\"ListItem\",\"position\":1,\"name\":\"In\u00edcio\",\"item\":\"https:\/\/imobiliariaduma-mz.com\/\"},{\"@type\":\"ListItem\",\"position\":2,\"name\":\"Classified Listings\",\"item\":\"https:\/\/imobiliariaduma-mz.com\/all-properties\/\"},{\"@type\":\"ListItem\",\"position\":3,\"name\":\"Apartamento T2 no Maria do Carmo\"}]},{\"@type\":\"WebSite\",\"@id\":\"https:\/\/imobiliariaduma-mz.com\/#website\",\"url\":\"https:\/\/imobiliariaduma-mz.com\/\",\"name\":\"Apartamentos a venda\",\"description\":\"Duma Imobiliaria\",\"publisher\":{\"@id\":\"https:\/\/imobiliariaduma-mz.com\/#organization\"},\"potentialAction\":[{\"@type\":\"SearchAction\",\"target\":{\"@type\":\"EntryPoint\",\"urlTemplate\":\"https:\/\/imobiliariaduma-mz.com\/?s={search_term_string}\"},\"query-input\":{\"@type\":\"PropertyValueSpecification\",\"valueRequired\":true,\"valueName\":\"search_term_string\"}}],\"inLanguage\":\"en-GB\"},{\"@type\":\"Organization\",\"@id\":\"https:\/\/imobiliariaduma-mz.com\/#organization\",\"name\":\"apartamentos \u00e0 venda\",\"url\":\"https:\/\/imobiliariaduma-mz.com\/\",\"logo\":{\"@type\":\"ImageObject\",\"inLanguage\":\"en-GB\",\"@id\":\"https:\/\/imobiliariaduma-mz.com\/#\/schema\/logo\/image\/\",\"url\":\"https:\/\/imobiliariaduma-mz.com\/wp-content\/uploads\/2022\/03\/cropped-WhatsApp-Image-2022-03-28-at-21.52.191.jpeg\",\"contentUrl\":\"https:\/\/imobiliariaduma-mz.com\/wp-content\/uploads\/2022\/03\/cropped-WhatsApp-Image-2022-03-28-at-21.52.191.jpeg\",\"width\":825,\"height\":362,\"caption\":\"apartamentos \u00e0 venda\"},\"image\":{\"@id\":\"https:\/\/imobiliariaduma-mz.com\/#\/schema\/logo\/image\/\"},\"sameAs\":[\"https:\/\/www.facebook.com\/Duma-Imobiliria-808728966144732\"]}]}<\/script>\n<!-- \/ Yoast SEO Premium plugin. -->","yoast_head_json":{"title":"Apartamento T2 no Maria do Carmo - Apartamentos a venda","robots":{"index":"index","follow":"follow","max-snippet":"max-snippet:-1","max-image-preview":"max-image-preview:large","max-video-preview":"max-video-preview:-1"},"canonical":"https:\/\/imobiliariaduma-mz.com\/en\/property\/apartamento-t2-no-maria-do-carmo-2\/","og_locale":"en_GB","og_type":"article","og_title":"Apartamento T2 no Maria do Carmo","og_description":"Apartamento T2 no Maria do Carmo ARRENDA-SE | Apartamento T2 Mobilado \u2013 Condom\u00ednio Maria do Carmo Av. M\u00e1rtires da Machava, pr\u00f3ximo \u00e0 Brithol Andar Baixo Descri\u00e7\u00e3o do Im\u00f3vel: * Tipologia T2 * Totalmente mobilado * 2 Quartos (1 Su\u00edte) * Sala confort\u00e1vel * Cozinha * Pronto a habitar * 130 M2 Comodidades do Condom\u00ednio: * ...","og_url":"https:\/\/imobiliariaduma-mz.com\/en\/property\/apartamento-t2-no-maria-do-carmo-2\/","og_site_name":"Apartamentos a venda","article_publisher":"https:\/\/www.facebook.com\/Duma-Imobiliria-808728966144732","twitter_card":"summary_large_image","twitter_misc":{"Estimated reading time":"2 minutes"},"schema":{"@context":"https:\/\/schema.org","@graph":[{"@type":"WebPage","@id":"https:\/\/imobiliariaduma-mz.com\/property\/apartamento-t2-no-maria-do-carmo-2\/","url":"https:\/\/imobiliariaduma-mz.com\/property\/apartamento-t2-no-maria-do-carmo-2\/","name":"Apartamento T2 no Maria do Carmo - Apartamentos a venda","isPartOf":{"@id":"https:\/\/imobiliariaduma-mz.com\/#website"},"datePublished":"2026-08-26T13:08:54+00:00","breadcrumb":{"@id":"https:\/\/imobiliariaduma-mz.com\/property\/apartamento-t2-no-maria-do-carmo-2\/#breadcrumb"},"inLanguage":"en-GB","potentialAction":[{"@type":"ReadAction","target":["https:\/\/imobiliariaduma-mz.com\/property\/apartamento-t2-no-maria-do-carmo-2\/"]}]},{"@type":"BreadcrumbList","@id":"https:\/\/imobiliariaduma-mz.com\/property\/apartamento-t2-no-maria-do-carmo-2\/#breadcrumb","itemListElement":[{"@type":"ListItem","position":1,"name":"In\u00edcio","item":"https:\/\/imobiliariaduma-mz.com\/"},{"@type":"ListItem","position":2,"name":"Classified Listings","item":"https:\/\/imobiliariaduma-mz.com\/all-properties\/"},{"@type":"ListItem","position":3,"name":"Apartamento T2 no Maria do Carmo"}]},{"@type":"WebSite","@id":"https:\/\/imobiliariaduma-mz.com\/#website","url":"https:\/\/imobiliariaduma-mz.com\/","name":"Apartamentos a venda","description":"Duma Imobiliaria","publisher":{"@id":"https:\/\/imobiliariaduma-mz.com\/#organization"},"potentialAction":[{"@type":"SearchAction","target":{"@type":"EntryPoint","urlTemplate":"https:\/\/imobiliariaduma-mz.com\/?s={search_term_string}"},"query-input":{"@type":"PropertyValueSpecification","valueRequired":true,"valueName":"search_term_string"}}],"inLanguage":"en-GB"},{"@type":"Organization","@id":"https:\/\/imobiliariaduma-mz.com\/#organization","name":"apartamentos \u00e0 venda","url":"https:\/\/imobiliariaduma-mz.com\/","logo":{"@type":"ImageObject","inLanguage":"en-GB","@id":"https:\/\/imobiliariaduma-mz.com\/#\/schema\/logo\/image\/","url":"https:\/\/imobiliariaduma-mz.com\/wp-content\/uploads\/2022\/03\/cropped-WhatsApp-Image-2022-03-28-at-21.52.191.jpeg","contentUrl":"https:\/\/imobiliariaduma-mz.com\/wp-content\/uploads\/2022\/03\/cropped-WhatsApp-Image-2022-03-28-at-21.52.191.jpeg","width":825,"height":362,"caption":"apartamentos \u00e0 venda"},"image":{"@id":"https:\/\/imobiliariaduma-mz.com\/#\/schema\/logo\/image\/"},"sameAs":["https:\/\/www.facebook.com\/Duma-Imobiliria-808728966144732"]}]}},"_links":{"self":[{"href":"https:\/\/imobiliariaduma-mz.com\/en\/wp-json\/wp\/v2\/rtcl_listing\/43945","targetHints":{"allow":["GET"]}}],"collection":[{"href":"https:\/\/imobiliariaduma-mz.com\/en\/wp-json\/wp\/v2\/rtcl_listing"}],"about":[{"href":"https:\/\/imobiliariaduma-mz.com\/en\/wp-json\/wp\/v2\/types\/rtcl_listing"}],"author":[{"embeddable":true,"href":"https:\/\/imobiliariaduma-mz.com\/en\/wp-json\/wp\/v2\/users\/12"}],"wp:attachment":[{"href":"https:\/\/imobiliariaduma-mz.com\/en\/wp-json\/wp\/v2\/media?parent=43945"}],"curies":[{"name":"wp","href":"https:\/\/api.w.org\/{rel}","templated":true}]}}

<p>Apartamento T2 no Maria do Carmo</p>
<p>ARRENDA-SE | Apartamento T2 Mobilado – Condomínio Maria do Carmo</p>
<p>Av. Mártires da Machava, próximo à Brithol</p>
<p>Andar Baixo</p>
<p>Descrição do Imóvel:</p>
<p>* Tipologia T2</p>
<p>* Totalmente mobilado</p>
<p>* 2 Quartos (1 Suíte)</p>
<p>* Sala confortável</p>
<p>* Cozinha</p>
<p>* Pronto a habitar</p>
<p>* 130 M2</p>
<p>Comodidades do Condomínio:</p>
<p>* Piscina</p>
<p>* Playground / Parque infantil</p>
<p>* 3 Elevadores</p>
<p>* Condomínio organizado</p>
<p>* Ambiente seguro e familiar</p>
<p>Estacionamento:</p>
<p>* Garagem para 1 viatura</p>
<p>Extras:</p>
<p>* Condomínio moderno e bem localizado</p>
<p>* Ideal para famílias ou executivos</p>
<p>* Zona central e de fácil acesso</p>
<p>* Próximo a comércio, serviços e principais vias da cidade</p>
<ul>
<li>Preço: 120.000 MZN/mês (Taxa de condomínio incluída)</li>
</ul>
<p>&nbsp;</p>
<p>2-Bedroom Apartment at Maria do Carmo</p>
<p>FOR RENT | Furnished 2-Bedroom Apartment – ​​Maria do Carmo Condominium</p>
<p>📍 Av. Mártires da Machava, near Brithol</p>
<p>🏢 Lower floor</p>
<p>✨ Property Description:</p>
<p>* 2-Bedroom layout (T2)</p>
<p>* Fully furnished</p>
<p>* 2 Bedrooms (1 en-suite)</p>
<p>* Comfortable living room</p>
<p>* Kitchen</p>
<p>* Move-in ready</p>
<p>* 130 m²</p>
<p>🏢 Condominium Amenities:</p>
<p>* Swimming pool</p>
<p>* Playground</p>
<p>* 3 Elevators</p>
<p>* Well-managed condominium</p>
<p>* Safe, family-friendly environment</p>
<p>🚗 Parking:</p>
<p>* Garage for 1 vehicle</p>
<p>🏢 Extras:</p>
<p>* Modern, well-located condominium</p>
<p>* Ideal for families or executives</p>
<p>* Central location with easy access</p>
<p>* Close to shops, services, and main city roads</p>
<p>💰 Price: 120,000 MZN/month (Condominium fee included)</p>
<p>&nbsp;</p>
<p>Entre no Website e encontre mais imóveis</p>
<p>Telefone: +258 84 378 7975 Chamadas/Whatsapp</p>
<p>Telefone: +258 82 942 0129 Chamadas/Whatsapp</p>
<p>Website: <a href="https://imobiliariaduma-mz.com/en/">https://imobiliariaduma-mz.com/</a></p>
<p>E-Mail: geral@imobiliariaduma-mz.com</p>
<p>&nbsp;</p>
<p>&nbsp;</p>

<!-- This site is optimized with the Yoast SEO Premium plugin v26.6 (Yoast SEO v26.6) - https://yoast.com/wordpress/plugins/seo/ -->
<title>Apartamento T2 no Maria do Carmo - Apartamentos a venda</title>
<meta name="robots" content="index, follow, max-snippet:-1, max-image-preview:large, max-video-preview:-1" />
<link rel="canonical" href="https://imobiliariaduma-mz.com/en/property/apartamento-t2-no-maria-do-carmo-2/" />
<meta property="og:locale" content="en_GB" />
<meta property="og:type" content="article" />
<meta property="og:title" content="Apartamento T2 no Maria do Carmo" />
<meta property="og:description" content="Apartamento T2 no Maria do Carmo ARRENDA-SE | Apartamento T2 Mobilado – Condomínio Maria do Carmo Av. Mártires da Machava, próximo à Brithol Andar Baixo Descrição do Imóvel: * Tipologia T2 * Totalmente mobilado * 2 Quartos (1 Suíte) * Sala confortável * Cozinha * Pronto a habitar * 130 M2 Comodidades do Condomínio: * ..." />
<meta property="og:url" content="https://imobiliariaduma-mz.com/en/property/apartamento-t2-no-maria-do-carmo-2/" />
<meta property="og:site_name" content="Apartamentos a venda" />
<meta property="article:publisher" content="https://www.facebook.com/Duma-Imobiliria-808728966144732" />
<meta name="twitter:card" content="summary_large_image" />
<meta name="twitter:label1" content="Estimated reading time" />
	<meta name="twitter:data1" content="2 minutes" />
<script type="application/ld+json" class="yoast-schema-graph">{"@context":"https://schema.org","@graph":[{"@type":"WebPage","@id":"https://imobiliariaduma-mz.com/property/apartamento-t2-no-maria-do-carmo-2/","url":"https://imobiliariaduma-mz.com/property/apartamento-t2-no-maria-do-carmo-2/","name":"Apartamento T2 no Maria do Carmo - Apartamentos a venda","isPartOf":{"@id":"https://imobiliariaduma-mz.com/#website"},"datePublished":"2026-08-26T13:08:54+00:00","breadcrumb":{"@id":"https://imobiliariaduma-mz.com/property/apartamento-t2-no-maria-do-carmo-2/#breadcrumb"},"inLanguage":"en-GB","potentialAction":[{"@type":"ReadAction","target":["https://imobiliariaduma-mz.com/property/apartamento-t2-no-maria-do-carmo-2/"]}]},{"@type":"BreadcrumbList","@id":"https://imobiliariaduma-mz.com/property/apartamento-t2-no-maria-do-carmo-2/#breadcrumb","itemListElement":[{"@type":"ListItem","position":1,"name":"Início","item":"https://imobiliariaduma-mz.com/"},{"@type":"ListItem","position":2,"name":"Classified Listings","item":"https://imobiliariaduma-mz.com/all-properties/"},{"@type":"ListItem","position":3,"name":"Apartamento T2 no Maria do Carmo"}]},{"@type":"WebSite","@id":"https://imobiliariaduma-mz.com/#website","url":"https://imobiliariaduma-mz.com/","name":"Apartamentos a venda","description":"Duma Imobiliaria","publisher":{"@id":"https://imobiliariaduma-mz.com/#organization"},"potentialAction":[{"@type":"SearchAction","target":{"@type":"EntryPoint","urlTemplate":"https://imobiliariaduma-mz.com/?s={search_term_string}"},"query-input":{"@type":"PropertyValueSpecification","valueRequired":true,"valueName":"search_term_string"}}],"inLanguage":"en-GB"},{"@type":"Organization","@id":"https://imobiliariaduma-mz.com/#organization","name":"apartamentos à venda","url":"https://imobiliariaduma-mz.com/","logo":{"@type":"ImageObject","inLanguage":"en-GB","@id":"https://imobiliariaduma-mz.com/#/schema/logo/image/","url":"https://imobiliariaduma-mz.com/wp-content/uploads/2022/03/cropped-WhatsApp-Image-2022-03-28-at-21.52.191.jpeg","contentUrl":"https://imobiliariaduma-mz.com/wp-content/uploads/2022/03/cropped-WhatsApp-Image-2022-03-28-at-21.52.191.jpeg","width":825,"height":362,"caption":"apartamentos à venda"},"image":{"@id":"https://imobiliariaduma-mz.com/#/schema/logo/image/"},"sameAs":["https://www.facebook.com/Duma-Imobiliria-808728966144732"]}]}</script>
<!-- / Yoast SEO Premium plugin. -->

Apartamento T2 no Maria do Carmo ARRENDA-SE | Apartamento T2 Mobilado – Condomínio Maria do Carmo Av. Mártires da Machava, próximo à Brithol Andar Baixo Descrição do Imóvel: * Tipologia T2 * Totalmente mobilado * 2 Quartos (1 Suíte) * Sala confortável * Cozinha * Pronto a habitar * 130 M2 Comodidades do Condomínio: * ...

Início

apartamentos à venda
